m*g. Let u(q) = 41*q**2 + 9*q + 9. Is u(t) prime?
False
Is (-70)/(-80) + 74405345/136 a prime number?
False
Suppose 20119 = -v + b + 447637, 0 = v + 3*b - 427498. Is v prime?
True
Suppose -5*j - 190960 = -12*j. Suppose 0 = -15*l + j + 17015. Is l a composite number?
False
Let u(f) = f**3 - 6*f**2 + 4*f. Let x be u(3). Is x/(-5) + 3 + 781 prime?
True
Suppose -16*i + 19*i + 4463595 = 48*i. Is i a prime number?
True
Let j(d) = 30*d**3 - 9*d**2 - 8*d + 9. Let m(z) = -2*z**2 + 8*z + 28. Let u be m(6). Is j(u) prime?
True
Is -16 + (-839732)/(-12)*3 composite?
False
Suppose -2*s - 5*g + 0*g = -14183, -5*g - 5 = 0. Is s a prime number?
False
Let h(w) = 21*w + 3. Let d be h(2). Let b = d - 45. Suppose 2*m + b*m = 418. Is m a composite number?
True
Suppose -5*s = 4*x - 68850, 0 = 4*s - 5 - 3. Suppose -5841 = -7*u + x. Is u prime?
False
Suppose 25*y = 206 + 44. Suppose -y*q = -13921 - 13149. Is q a composite number?
False
Suppose -5*p = -22*p + 51136. Suppose -18239 = -2*i - 3*m, -6108 = -i - 5*m + p. Is i prime?
False
Suppose 0 = -14*b - 18597 + 6697. Let a = b - -2321. Is a a composite number?
False
Suppose 0 = 2*q + 10, -5*c + 0*q - 5*q = 0. Suppose c*y - 20 = 0, -15*o + 4590 = -13*o + 5*y. Is o prime?
False
Suppose -5*t + 35 = 5*n, -3*n = -3*t - 0 + 3. Suppose -u - 4*u + 401 = -2*m, -t*u + m + 319 = 0. Let g = 340 + u. Is g prime?
True
Let s(x) = 2*x**2 - 8*x - 15. Let o be s(6). Suppose -10977 = -o*j + 16896. Is j a prime number?
False
Let z be 6/(-11) + 552/1012. Suppose z*b + 44495 = 5*b. Is b composite?
True
Let w = -91412 - -381423. Is w prime?
True
Let j = -1849770 - -2756401. Is j a composite number?
True
Let s be (-9)/(-9) + 2 + 2973. Let u = 4487 - s. Is u a prime number?
True
Let c(j) = -3*j + 17. Let b be c(4). Suppose 4*s = 3*i + 6635, s - 8*i - 1670 = -b*i. Is s a prime number?
False
Suppose y - 14 = 8*m - 3*m, -94 = -4*y + m. Let s be (-4)/6 + 1120/y + 2. Let n = 79 - s. Is n composite?
False
Let v be ((-41)/3)/(-1 - (-12)/9). Let y = -34 - v. Suppose -y*o + 14*o = 98. Is o a composite number?
True
Let f = 63 + -63. Suppose 10 = 5*q - f. Suppose -q*c - 5*x - 75 = -4*c, -3*c + 3*x = -108. Is c a prime number?
False
Let a(f) = -f**3 - 9*f**2 + 11*f + 13. Let r be a(-10). Let u(s) = 486*s - 27. Let c be u(r). Suppose -c = -m + 2680. Is m prime?
True
Let q(s) = -2*s**3 + 43*s**2 - 13*s + 46. Let z be q(22). Let b = z + 1061. Is b a composite number?
False
Suppose w = 11*o - 7*o + 1427, -4*w = -5*o - 5730. Let a = 2652 - w. Is a a composite number?
False
Is ((-20 - -31) + 56)*(-2 + 235) prime?
False
Let g(q) = -q - 24. Let o be g(-28). Suppose 0 = 2*i + 3*l + 1096, -5*i + o*l - 2636 = 81. Let p = i + 1298. Is p a prime number?
False
Suppose -9847071 = 4989*d - 4998*d. Is d composite?
True
Let u(b) = b**3 + 19*b**2 - b - 11. Let o(l) = -2*l**2 - 3*l + 1. Let p be o(-4). Let k be u(p). Suppose k*q - 7838 = -2454. Is q a composite number?
False
Suppose 25 = -10*b + 5*b, -2*b = -5*h + 35. Suppose -c - c - 13196 = -2*s, -c - 32990 = -h*s. Is s composite?
True
Let c = -1036380 - -1586363. Is c a prime number?
False
Let i = 123659 - 63198. Is i composite?
True
Let n(p) be the second derivative of -43*p**6/144 + p**5/20 + 7*p**4/6 + 14*p. Let f(h) be the third derivative of n(h). Is f(-7) composite?
False
Suppose 0 = -21*m + 18*m + g + 261900, 3*m + 3*g - 261888 = 0. Is m composite?
False
Let p be 3*(-28)/(-21)*(-1)/4. Let h be (-2 - (-12797)/4)/(p/(-4)). Suppose 3*o = -3*g + h, 2*g + o - 8528 = -0*g. Is g a prime number?
False
Let i(u) = -u**2 + 3*u. Let m be i(3). Suppose 4*w = 5*w - 4*p - 1301, m = -3*p + 9. Is w prime?
False
Suppose 1 = h - 4. Suppose -q = -2*j + 10045, -5*j + 6546 = 4*q - 18573. Suppose 5*s = 5*u + 5925, -h*s = -4*u - j - 904. Is s composite?
False
Suppose -4 - 5 = -3*s + p, 0 = 2*s - 2*p - 6. Suppose -4*c = -s*r - 14, c = -4*r - 4*c + 2. Is (-13)/(1/r*4/58) composite?
True
Suppose 2*x + 7855 + 19575 = 4*p, -3*p = -3*x - 20568. Suppose 2744 = 9*b - p. Is b prime?
False
Let h(l) = 5*l**2 + 6*l - 6. Let r(u) = -u**2 + u + 1. Let q(y) = -h(y) - 6*r(y). Let p be q(12). Suppose p = 6*x - 3113 - 1381. Is x a composite number?
True
Let u = 938664 + 115145. Is u a composite number?
False
Let b(p) = -p + 17. Let j be b(12). Suppose -o = -z + 5, -14 = 2*z - j*z + 2*o. Suppose 2*u + 192 = h - 1073, -z*h = -2*u - 5036. Is h composite?
True
Suppose -19*x + 23*x - 31118 = -3*l, -5*x + 5*l + 38880 = 0. Let u = x - -3219. Is u composite?
True
Let r be (6 + -8)*2/(-4 - 0). Let w(u) = 8760*u**2 - 4*u + 3. Is w(r) composite?
True
Let c = -133411 + 316238. Is c a composite number?
True
Let n be (23220/(-8))/(18/108). Let t = n - -35222. Is t a composite number?
False
Suppose 25*j + 3*j = 9*j + 4202021. Is j a composite number?
False
Let f = 453 + -451. Suppose -17664 = -f*i + 4*m, 3*i - 32672 + 6171 = 5*m. Is i a composite number?
True
Let k = -15982 - -28569. Is k a composite number?
True
Let i(h) = -10*h**3 - 3*h**2 + 11*h + 24. Let s be i(-6). Let j = 10069 - s. Is j a prime number?
True
Let h(q) be the third derivative of -5*q**4/8 + 7*q**3/6 + 11*q**2. Let l = 2 - 16. Is h(l) prime?
False
Let f = 4665 - -9386. Is f a composite number?
False
Suppose 4*p + 716131 = -6*f + 2919821, 2203680 = 4*p + 4*f. Is p composite?
True
Suppose -4*k = 7*k. Suppose 0 = -2*t - 2*l + 6698, k*t + 4*t + 2*l - 13400 = 0. Is t prime?
False
Let o = -103 + 123. Let r be 12/(-54) + (-3)/((-27)/o). Suppose -47 - 31 = -r*p. Is p composite?
True
Let c = 1 - -14. Suppose -5*p + 2*v = -21, c = 4*p - 4*v - 9. Suppose -6*j + j = -5*d + 6305, -3787 = -p*d + 5*j. Is d a composite number?
False
Suppose 14140 = 18*j - 13*j. Let s = 9048 - j. Suppose -6*a + s = 886. Is a prime?
False
Suppose 70*c - 7864949 + 2765639 = -20*c. Is c a composite number?
False
Let s = 60 - 112. Let l be (-4)/1*s/8. Suppose -l*z = -25*z - 533. Is z prime?
False
Let c = 3890 + 20469. Is c composite?
False
Let m(f) be the third derivative of f**6/120 - f**5/20 + f**3 + 12*f**2. Let z be m(3). Suppose -797 + 157 = -5*g - 5*x, 0 = -2*x - z. Is g a prime number?
True
Let s be 9 + -2 - 1 - 4. Is 5 - (s + -68*23) prime?
True
Let h = -504 - -501. Is (60/(-5))/h + (39751 - 6) composite?
False
Let p be 2 - ((4 - (3 - -3)) + -2648). Suppose -5*a = 4088 + 2897. Let g = p + a. Is g a prime number?
False
Suppose 0 = -5*w + 152086 + 102019. Is w a prime number?
True
Let m(d) = -35*d**3 + 3*d**2 - 13*d + 10. Let j(p) = 69*p**3 - 6*p**2 + 25*p - 22. Let q(f) = -2*j(f) - 5*m(f). Is q(5) a composite number?
True
Is 63/(-273) - (-40209856)/104 a prime number?
False
Suppose 619*t - 542132 = 615*t. Is t prime?
True
Let q(p) = 2*p**2 - 2*p - 5. Let l be q(-2). Suppose l*m + 30176 = 124102. Is m prime?
False
Suppose 190*n - 76639689 = 18165181. Is n composite?
False
Let h = 47 - -41. Let l = h + 1247. Suppose -30*m = -27*m - l. Is m prime?
False
Suppose 3*g - 3*z - 21 = 0, 2*z + 10 = g - 0*g. Suppose -g*n = -2*c, 5*n = 3*c - 2 + 1. Is 3/6 - (-2427)/c a composite number?
True
Let d(n) = n**2 + 9*n - 20. Let z be d(-10). Let j = z + 80. Suppose -l + 4*l - 3*i - 264 = 0, 0 = -l - 5*i + j. Is l prime?
False
Let g = -225 - -440. Let f be 6/2 - -541 - -2. Let b = f - g. Is b a prime number?
True
Suppose -170*n - 169*n = -80*n - 138215091. Is n composite?
True
Let y = 14177 + 1938. Suppose 0 = 12*s - y - 40417. Is s a prime number?
False
Is 104087874/198 + 1*(-6)/(-9) composite?
False
Suppose -19*c + 152190 = -14*c. Suppose -q = -h + 7607, 0 = 11*h - 15*h - q + c. Is h prime?
False
Suppose -319*q = -331*q + 1053204. Is q a composite number?
False
Let q = -119 + -33. Is (-1)/((-4)/40387) - 38/q a prime number?
False
Suppose -4*r + 5532103 = -5*o, -6789033 = -5*r + 2*o + 126134. Is r prime?
True
Suppose -23*n = -21*n. Suppose n = 11*c + 241 - 824. Let o = c + 240. Is o prime?
True
Let g be -8 + (6/8)/((-1)/4). Let x(n) = n**3 + 12*n**2 + 10*n - 8. Let l be x(g). Is (-4 - (-417)/9)*l a composite number?
False
Let h(q) = 3*q + 3. Let y be h(-2). Is (3084 - y) + 6 - -2 composite?
True
Let w(q) = 48*q - 5*q - 6*q**2 + 3 + 3017*q**3 - 3016*q**3. Is w(16) a prime number?
True
Suppose 8672*p + 1045804 = 8676*p. Is p a prime number?
True
Let u(k) = 1954*k + 124. Let z be u(13). Suppose -8*y + z = -6*y. Is y prime?
True
Suppose 3*q - 46936